t 10 (base 8) to base 10.
8
Convert 63 (base 12) to base 3.
2210
What is 1 (base 16) in base 3?
1
22 (base 9) to base 16
14
What is 39 (base 16) in base 13?
45
Convert -42 (base 8) to base 2.
-100010
162 (base 8) to base 5
424
What is 4 (base 12) in base 6?
4
What is -59 (base 11) in base 5?
-224
What is -2 (base 8) in base 4?
-2
What is -26 (base 8) in base 9?
-24
What is -201 (base 5) in base 16?
-33
-4 (base 10) to base 6
-4
20 (base 8) to base 14
12
Convert -112 (base 4) to base 5.
-42
What is -5 (base 11) in base 4?
-11
What is 6d (base 16) in base 12?
91
-5c (base 16) to base 11
-84
7 (base 15) to base 4
13
What is -121 (base 3) in base 5?
-31
What is 2 (base 4) in base 9?
2
Convert 1 (base 12) to base 14.
1
What is -1000 (base 2) in base 11?
-8
Convert -224 (base 5) to base 8.
-100
What is -100 (base 7) in base 10?
-49
-452 (base 6) to base 11
-150
Convert -110 (base 2) to base 6.
-10
What is 19 (base 15) in base 3?
220
What is -7 (base 9) in base 15?
-7
1d (base 14) to base 10
27
Convert -67 (base 15) to base 12.
-81
What is -122 (base 3) in base 13?
-14
-4 (base 15) to base 2
-100
-24 (base 7) to base 11
-17
5 (base 11) to base 7
5
Convert -195 (base 16) to base 15.
-1c0
Convert -a (base 11) to base 12.
-a
-110 (base 2) to base 13
-6
-2 (base 15) to base 6
-2
What is 69 (base 11) in base 2?
1001011
Convert -3 (base 6) to base 7.
-3
What is -3 (base 5) in base 3?
-10
What is -12 (base 5) in base 6?
-11
-11100 (base 2) to base 12
-24
-1 (base 9) to base 8
-1
191 (base 10) to base 6
515
16 (base 12) to base 4
102
-25 (base 6) to base 16
-11
What is 36 (base 15) in base 3?
1220
Convert 1100 (base 2) to base 16.
c
Convert -1 (base 12) to base 9.
-1
What is -b (base 14) in base 5?
-21
Convert 3 (base 4) to base 11.
3
What is 0 (base 6) in base 2?
0
Convert -110 (base 4) to base 11.
-19
101 (base 6) to base 14
29
-4f (base 16) to base 11
-72
Convert a (base 12) to base 9.
11
What is 113 (base 4) in base 6?
35
What is -68 (base 9) in base 4?
-332
Convert -1 (base 8) to base 5.
-1
-22 (base 9) to base 16
-14
Convert 322 (base 4) to base 5.
213
What is -196 (base 11) in base 5?
-1401
Convert 5 (base 10) to base 4.
11
3 (base 8) to base 7
3
-133 (base 8) to base 10
-91
What is 46 (base 7) in base 15?
24
What is 0 (base 12) in base 11?
0
Convert 131 (base 7) to base 11.
65
Convert 79 (base 10) to base 7.
142
Convert 15 (base 7) to base 15.
c
Convert -10 (base 2) to base 15.
-2
-4 (base 15) to base 9
-4
What is a (base 16) in base 9?
11
What is 63 (base 14) in base 4?
1113
3 (base 9) to base 7
3
What is 4 (base 10) in base 7?
4
-64 (base 9) to base 4
-322
-8 (base 9) to base 3
-22
What is 40 (base 14) in base 7?
110
Convert 2b (base 16) to base 8.
53
What is -1 (base 14) in base 6?
-1
Convert 5 (base 6) to base 11.
5
What is 0 (base 5) in base 7?
0
Convert -12 (base 12) to base 11.
-13
What is -3 (base 16) in base 9?
-3
Convert -121 (base 3) to base 12.
-14
What is -251 (base 6) in base 15?
-6d
What is -3 (base 14) in base 8?
-3
What is -8 (base 15) in base 6?
-12
Convert 1000 (base 3) to base 15.
1c
Convert -29 (base 14) to base 9.
-41
5 (base 8) to base 4
11
Convert -40 (base 6) to base 11.
-22
-67 (base 11) to base 6
-201
1221 (base 4) to base 3
10220
What is 122 (base 3) in base 14?
13
What is 16 (base 11) in base 5?
32
Convert 132 (base 5) to base 16.
2a
Convert -2 (base 8) to base 6.
-2
What is 141 (base 8) in base 2?
1100001
-1 (base 2) to base 7
-1
What is -1 (base 2) in base 13?
-1
Convert -43 (base 13) to base 10.
-55
Convert -4 (base 8) to base 13.
-4
-2 (base 6) to base 16
-2
Convert 24 (base 5) to base 9.
15
Convert -1 (base 5) to base 6.
-1
-435 (base 9) to base 14
-1b6
Convert -1001011 (base 2) to base 16.
-4b
Convert 3 (base 11) to base 12.
3
What is 1 (base 13) in base 15?
1
What is -10a (base 14) in base 12?
-152
e (base 15) to base 10
14
12 (base 5) to base 15
7
5 (base 10) to base 4
11
What is 10 (base 8) in base 3?
22
Convert 20 (base 5) to base 9.
11
What is -122 (base 11) in base 7?
-265
12 (base 6) to base 12
8
Convert -2210 (base 3) to base 8.
-113
What is -1231 (base 6) in base 12?
-217
2 (base 10) to base 6
2
25 (base 12) to base 11
27
4b (base 12) to base 7
113
What is -210 (base 3) in base 7?
-30
-3 (base 10) to base 9
-3
What is -1 (base 8) in base 14?
-1
What is 0 (base 2) in base 3?
0
Convert 69 (base 12) to base 15.
56
-6 (base 13) to base 7
-6
16 (base 10) to base 16
10
51 (base 9) to base 10
46
Convert 1 (base 5) to base 15.
1
-7 (base 9) to base 16
-7
What is -30 (base 7) in base 5?
-41
2 (base 5) to base 10
2
Convert -2 (base 3) to base 11.
-2
Convert 66 (base 13) to base 2.
1010100
What is -223 (base 5) in base 8?
-77
Convert 22 (base 14) to base 3.
1010
What is -a (base 12) in base 16?
-a
What is 8 (base 10) in base 14?
8
Convert -1110011 (base 2) to base 9.
-137
What is 3 (base 11) in base 15?
3
Convert -3 (base 12) to base 16.
-3
Convert 25 (base 7) to base 16.
13
What is -2021 (base 3) in base 4?
-331
Convert -30 (base 8) to base 6.
-40
-3 (base 11) to base 13
-3
What is 11100 (base 2) in base 13?
22
What is 1001101 (base 2) in base 14?
57
What is 58 (base 14) in base 12?
66
What is -6 (base 7) in base 11?
-6
Convert -18 (base 13) to base 5.
-41
-2000 (base 3) to base 6
-130
What is -84 (base 9) in base 15?
-51
What is 100011111 (base 2) in base 10?
287
-3 (base 7) to base 9
-3
Convert -32 (base 12) to base 4.
-212
Convert 1101 (base 2) to base 10.
13
What is 163 (base 13) in base 9?
307
What is 75 (base 14) in base 11?
94
Convert 3 (base 11) to base 9.
3
What is -1321 (base 4) in base 6?
-321
What is -3 (base 14) in base 11?
-3
-31 (base 16) to base 9
-54
6 (base 9) to base 6
10
What is 2 (base 12) in base 4?
2
Convert -100 (base 2) to base 5.
-4
Convert -41 (base 12) to base 8.
-61
Convert -12 (base 7) to base 13.
-9
Convert 3 (base 8) to base 5.
3
Convert -9 (base 14) to base 8.
-11
Convert -10011 (base 2) to base 7.
-25
What is 1210 (base 3) in base 15?
33
-10 (base 4) to base 13
-4
Convert -6 (base 9) to base 13.
-6
Convert 0 (base 13) to base 9.
0
Convert -3 (base 16) to base 2.
-11
What is 55 (base 16) in base 3?
10011
What is 28 (base 16) in base 5?
130
3 (base 15) to base 2
11
1 (base 10) to base 13
1
What is -b (base 13) in base 14?
-b
What is d (base 16) in base 5?
23
What is -22 (base 7) in base 14?
-12
What is 12 (base 7) in base 14?
9
Convert -1021 (base 5) to base 4.
-2020
What is -7 (base 8) in base 16?
-7
Convert 143 (base 11) to base 6.
440
What is 17 (base 13) in base 4?
110
Convert 151 (base 11) to base 16.
b1
Convert -12 (base 8) to base 11.
-a
What is 2 (base 10) in base 4?
2
Convert -3 (base 6) to base 5.
-3
Convert 240 (base 11) to base 4.
10132
Convert 3a (base 11) to base 9.
47
What is 1a (base 16) in base 13?
20
Convert 1011 (base 5) to base 2.
10000011
2 (base 9) to base 5
2
Convert -17 (base 15) to base 13.
-19
What is 4 (base 13) in base 9?
4
Convert 25 (base 9) to base 11.
21
Convert 29 (base 15) to base 12.
33
Convert 120 (base 3) to base 10.
15
What is 1013 (base 4) in base 14?
51
-2 (base 4) to base 2
-10
11 (base 3) to base 4
10
Convert -6 (base 7) to base 4.
-12
Convert 3 (base 11) to base 7.
3
5 (base 13) to base 14
5
Convert -2 (base 14) to base 15.
-2
Convert 100 (base 7) to base 13.
3a
What is 4 (base 8) in base 3?
11
What is -161 (base 12) in base 10?
-217
Convert 68 (base 16) to base 10.
104
-2 (base 15) to base 8
-2
Convert 450 (base 6) to base 9.
213
-94 (base 13) to base 6
-321
132 (base 4) to base 6
50
Convert -441 (base 5) to base 12.
-a1
What is 0 (base 10) in base 13?
0
-218 (base 10) to base 7
-431
-bb (base 12) to base 2
-10001111
What is 12a (base 13) in base 2?
11001101
-2 (base 12) to base 6
-2
3 (base 13) to base 2
11
-2 (base 9) to base 12
-2
What is 0 (base 11) in base 8?
0
42 (base 6) to base 5
101
-4 (base 11) to base 8
-4
What is -42 (base 16) in base 7?
-123
4 (base 6) to base 12
4
Convert 6 (base 11) to base 13.
6
What is -20 (base 12) in base 7?
-33
Convert -86 (base 14) to base 12.
-9a
Convert -4 (base 8) to base 2.
-100
What is 16 (base 16) in base 5?
42
2b (base 15) to base 3
1112
-21 (base 3) to base 4
-13
25 (base 16) to base 10
37
-232 (base 6) to base 12
-78
-1010 (base 2) to base 8
-12
-6c (base 16) to base 9
-130
-7 (base 14) to b